8010011 a multiple of 80?
False
Is 151766321 a multiple of 153?
False
Is 5726 a factor of 942121684?
True
Does 11 divide 30463719?
True
Does 165 divide 3583692090?
True
Is 257 a factor of 51951665?
False
Is 333 a factor of 6474186?
True
Is 197 a factor of 214827573?
False
Does 101 divide 8274170?
False
Is 87 a factor of 14183349?
True
Is 2259921915 a multiple of 3330?
False
Is 100288891 a multiple of 16?
False
Is 3018 a factor of 103283823?
False
Is 4080077 a multiple of 24?
False
Does 1377 divide 246791146?
False
Is 39997937 a multiple of 15?
False
Is 6943 a factor of 213077641?
False
Is 7 a factor of 1443019952?
False
Is 18 a factor of 772606314?
True
Is 208 a factor of 272092600?
False
Is 7156 a factor of 755987727?
False
Does 112 divide 2119712?
True
Is 63 a factor of 647930264?
False
Is 138 a factor of 40419924?
True
Does 85 divide 936000633?
False
Is 3854 a factor of 103510139?
False
Does 169 divide 1178597421?
False
Is 441441835 a multiple of 59?
True
Does 1242 divide 771944807?
False
Is 21768775 a multiple of 5?
True
Does 149 divide 55038812?
True
Is 267 a factor of 21362136?
True
Is 13 a factor of 4224576?
False
Does 5241 divide 2575804752?
True
Does 19 divide 535332444?
False
Is 113809656 a multiple of 19?
False
Is 565 a factor of 276142055?
True
Is 84440110 a multiple of 5?
True
Is 42293544 a multiple of 57?
True
Is 1940158991 a multiple of 166?
False
Does 4 divide 8984574?
False
Does 697 divide 1099523999?
False
Is 350664648 a multiple of 5?
False
Is 944 a factor of 2853876652?
False
Is 544058686 a multiple of 33?
False
Is 13 a factor of 51135903?
True
Is 11 a factor of 10975489?
False
Does 49 divide 2452359994?
False
Does 27 divide 84318?
False
Is 17347215 a multiple of 81?
False
Is 106 a factor of 28319744?
False
Is 2139960600 a multiple of 1251?
True
Does 15 divide 1572391982?
False
Is 34 a factor of 98688672?
True
Is 19 a factor of 14223191?
True
Is 1075 a factor of 498550373?
False
Does 271 divide 13346479?
True
Is 1011433315 a multiple of 655?
True
Does 2 divide 197337709?
False
Is 394 a factor of 2539638108?
True
Is 1056 a factor of 25393011?
False
Is 72296532 a multiple of 132?
True
Does 35 divide 186499024?
False
Is 3004 a factor of 1274585184?
True
Is 543266387 a multiple of 2103?
False
Is 27681934 a multiple of 287?
False
Is 55896100 a multiple of 1235?
True
Is 886769170 a multiple of 555?
False
Does 116 divide 908120575?
False
Is 267 a factor of 289926319?
False
Is 3052 a factor of 275894696?
True
Is 642971681 a multiple of 1843?
False
Is 4155 a factor of 1584838888?
False
Does 27 divide 579630546?
True
Is 85 a factor of 157816436?
False
Is 31 a factor of 245928487?
True
Is 2344 a factor of 96936993?
False
Is 44044485 a multiple of 3?
True
Is 61587180 a multiple of 33?
False
Does 62 divide 270495481?
False
Is 74 a factor of 1086517802?
True
Does 21 divide 300414371?
False
Is 8350513 a multiple of 8?
False
Is 970591 a multiple of 2?
False
Is 2253922750 a multiple of 212?
False
Is 28604376 a multiple of 56?
False
Is 718169529 a multiple of 11?
True
Is 23 a factor of 466636581?
True
Is 35 a factor of 6448820?
True
Is 70 a factor of 324792370?
True
Does 461 divide 331720387?
True
Is 5634572 a multiple of 14?
False
Is 195 a factor of 280381698?
False
Is 13922839 a multiple of 19?
True
Does 1123 divide 766896700?
True
Does 1002 divide 29073030?
True
Is 4019131762 a multiple of 1473?
False
Is 36 a factor of 98431673?
False
Is 275890335 a multiple of 304?
False
Is 26862480 a multiple of 80?
True
Is 3627 a factor of 231866856?
True
Is 551092214 a multiple of 1269?
False
Does 2013 divide 181612860?
True
Does 17 divide 65328076?
True
Is 35 a factor of 197390448?
False
Does 4 divide 2123350255?
False
Is 33 a factor of 15376746?
True
Is 27537245 a multiple of 174?
False
Is 23674653 a multiple of 27?
True
Does 8 divide 55758789?
False
Is 7887706 a multiple of 352?
False
Is 79547268 a multiple of 88?
False
Is 502 a factor of 80161990?
False
Does 2387 divide 30814475?
False
Does 33 divide 29540544?
True
Is 12 a factor of 17698188?
True
Is 52 a factor of 66671852?
True
Is 14 a factor of 39235936?
False
Is 54 a factor of 3962276?
False
Does 15 divide 709226253?
False
Is 236511810 a multiple of 249?
False
Does 8574 divide 436130851?
False
Does 90 divide 7195812?
False
Is 639789625 a multiple of 2686?
False
Is 465493665 a multiple of 299?
True
Does 115 divide 141219655?
True
Is 30 a factor of 27541860?
True
Does 11 divide 172703740?
True
Is 48895057 a multiple of 643?
False
Does 671 divide 123944436?
True
Is 1895 a factor of 358382079?
False
Is 61 a factor of 2235591440?
True
Is 106421830 a multiple of 28?
False
Is 308 a factor of 194360012?
True
Is 4353699 a multiple of 3?
True
Is 2805 a factor of 39146580?
True
Is 14 a factor of 1496489943?
False
Does 39 divide 38846610?
False
Is 824529156 a multiple of 20?
False
Is 81 a factor of 41202712?
False
Is 73193024 a multiple of 1088?
True
Does 28 divide 3978576?
True
Is 67 a factor of 7265483?
False
Does 83 divide 148505924?
True
Is 14 a factor of 567771092?
True
Is 88 a factor of 345665019?
False
Does 78 divide 95949311?
False
Is 557870001 a multiple of 2?
False
Is 2808 a factor of 142753104?
True
Does 33 divide 3194863060?
False
Does 118 divide 922044920?
True
Does 451 divide 37015076?
False
Is 594 a factor of 113065753?
False
Does 53 divide 2982962947?
False
Is 13230822 a multiple of 12?
False
Is 426886722 a multiple of 12?
False
Is 79 a factor of 29583209?
True
Is 1256865515 a multiple of 1547?
False
Does 1162 divide 25396672?
True
Is 1861 a factor of 66562689?
False
Is 605816230 a multiple of 196?
False
Is 1659 a factor of 2213412343?
False
Does 416 divide 925497097?
False
Is 171643507 a multiple of 66?
False
Does 7 divide 1064153837?
False
Does 93 divide 1709880144?
True
Is 1878 a factor of 143015334?
True
Does 86 divide 125704757?
False
Does 4 divide 47250992?
True
Is 331167808 a multiple of 25?
False
Is 35 a factor of 110919404?
False
Is 18 a factor of 190014476?
False
Does 280 divide 30982280?
True
Is 227 a factor of 731069946?
False
Is 165 a factor of 1816267101?
False
Is 45170832 a multiple of 47?
False
Does 29 divide 1307184485?
False
Does 12 divide 669964086?
False
Is 109895490 a multiple of 18?
True
Does 8063 divide 3234577269?
True
Does 83 divide 86928556?
True
Is 9929 a factor of 1708651823?
True
Is 6 a factor of 1101194892?
True
Does 170 divide 23301390?
True
Does 22 divide 690794306?
False
Is 38 a factor of 2881490046?
False
Does 51 divide 106528193?
False
Does 10 divide 33348594?
False
Does 9 divide 28763490?
False
Does 23 divide 5359244347?
False
Does 150 divide 452653650?
True
Is 308157156 a multiple of 27?
True
Is 10 a factor of 266570?
True
Is 4205708 a multiple of 37?
False
Is 41854974 a multiple of 3?
True
Does 43 divide 65650375?
False
Is 114 a factor of 119824374?
True
Is 851662 a multiple of 889?
True
Is 5565139 a multiple of 4035?
False
Is 386338515 a multiple of 422?
False
Is 55859485 a multiple of 11?
True
Is 4134 a factor of 823319172?
True
Does 7463 divide 1194317740?
False
Does 33 divide 123259158?
True
Is 6 a factor of 260772270?
True
Does 16 divide 1369119?
False
Does 34 divide 225971836?
False
Does 933 divide 101166657?
False
Is 329757363 a multiple of 847?
False
Is 4420230 a multiple of 1058?
False
Does 30 divide 3269616?
False
Is 12 a factor of 233591100?
True
Is 4665 a factor of 798680655?
True
Is 638 a factor of 570935354?
True
Is 131864316 a multiple of 129?
True
Is 20 a factor of 1095186855?
False
Is 10 a factor of 135210870?
True
Is 441 a factor of 1556978?
False
Is 356135952 a multiple of 1544?
True
Is 184675392 a multiple of 132?
True
Does 283 divide 9607850?
True
Does 64 divide 69674048?
True
Does 6 divide 3499278?
True
Does 10 divide 145010610?
True
Is 87 a factor of 83585764?
False
Is 303548141 a multiple of 4952?
False
Does 277 divide 982174412?
True
Is 3 a factor of 776969725?
False
Is 10 a factor of 376370890?
True
Is 83600968 a multiple of 1972?
True
Is 593878564 a multiple of 40?
False
Is 83294139 a multiple of 3?
True
Is 1562 a factor of 150000422?
True
Does 1488 divide 74710992?
True
Is 246 a factor of 64102402?
False
Does 8 divide 1174101726?
False
Does 3 divide 16111695?
True
Does 377 divide 62367449?
False
Does 32 divide 414391616